{"id":4376,"date":"2019-06-14T17:34:08","date_gmt":"2019-06-14T15:34:08","guid":{"rendered":"http:\/\/www.kirche-neustadt.de\/?page_id=4376"},"modified":"2020-02-26T16:30:34","modified_gmt":"2020-02-26T14:30:34","slug":"datenschutzerklaerung-2","status":"publish","type":"page","link":"https:\/\/www.kirche-neustadt.de\/?page_id=4376","title":{"rendered":"Datenschutzerkl\u00e4rung"},"content":{"rendered":"\n<h3 class=\"wp-block-heading\">Datenschutzerkl\u00e4rung<\/h3>\n\n\n\n<p class=\"wp-block-paragraph\">Die Evangelisch-Lutherische Kirchgemeinde Neustadt in Sachsen nimmt den Schutz pers\u00f6nlicher Daten sehr ernst. Sie behandelt personenbezogene Daten gem\u00e4\u00df den Vorschriften des&nbsp;<a href=\"https:\/\/www.kirchenrecht-ekd.de\/document\/41335\" target=\"_blank\" rel=\"noreferrer noopener\">Kirchengesetzes \u00fcber den Datenschutz der Evangelischen Kirche in Deutschland (EKD-Datenschutzgesetz-DSG-EKD) in der Neufassung vom 15. November 2017<\/a>&nbsp;und den datenschutzrechtlichen Bestimmungen der Ev.-Luth. Landeskirche Sachsens, insbesondere der \u201eVerordnung \u00fcber den Einsatz von Informationstechnologie (IT) in der<br>Ev.-Luth. Landeskirche Sachsens\u201c.<\/p>\n\n\n\n<p class=\"wp-block-paragraph\">Alle Informationen, Daten und Angebote dieser Website wurden sorgf\u00e4ltig gepr\u00fcft und werden regelm\u00e4\u00dfig aktualisiert. Eine Haftung oder Gew\u00e4hr f\u00fcr die Aktualit\u00e4t, Richtigkeit, Vollst\u00e4ndigkeit oder Eignung f\u00fcr bestimmte Verwendungszwecke der zur Verf\u00fcgung gestellten Informationen ist jedoch ausgeschlossen.<\/p>\n\n\n\n<p class=\"wp-block-paragraph\">Trotz sorgf\u00e4ltiger inhaltlicher Kontrolle \u00fcbernehmen wir keine Haftung f\u00fcr die Inhalte externer Links. F\u00fcr den Inhalt der verlinkten Seiten sind ausschlie\u00dflich deren Betreiber verantwortlich.<\/p>\n\n\n\n<p class=\"wp-block-paragraph\">Alle innerhalb des Internetangebotes genannten und ggf. durch Dritte gesch\u00fctzten Marken unterliegen uneingeschr\u00e4nkt den Bestimmungen des jeweils g\u00fcltigen Kennzeichenrechts und den Eigentumsrechten der jeweiligen eingetragenen Eigent\u00fcmer.<\/p>\n\n\n\n<p class=\"wp-block-paragraph\">Das Nutzungsrecht f\u00fcr ver\u00f6ffentlichte, von Mitarbeitern der Redaktion dieser Website selbst erstellte oder von ihnen erworbene urheberrechtlich gesch\u00fctzte Objekte bleibt allein bei der Redaktion dieser Website.<br><em>Eine Vervielf\u00e4ltigung oder Verwendung solcher Grafiken, Tondokumente, Videosequenzen und Texte in anderen elektronischen oder gedruckten Publikationen ist ohne ausdr\u00fcckliche schriftliche Zustimmung der Ev.-Luth. Kirchgemeinde Neustadt nicht gestattet.<\/em><\/p>\n\n\n\n<p class=\"wp-block-paragraph\">Wenn Sie glauben, dass die hier aufgef\u00fchrten Datenschutzrichtlinien nicht eingehalten werden oder Missbrauch mit pers\u00f6nlichen Daten betrieben wird, dann wenden Sie sich bitte an unseren Datenschutzbeauftragten.&nbsp;<\/p>\n\n\n\n<h3 class=\"wp-block-heading\">Datenschutzbeauftragter<\/h3>\n\n\n\n<p class=\"wp-block-paragraph\">Datenschutzbeauftragter der Ev.-Luth. Kirchgemeinde Neustadt in Sachsen: Herr OKR J\u00f6rg am Rhein, Regionalkirchenamt Dresden, Kreuzstr. 7,<br>01067 Dresden, Tel. 0351\/4923328, Mail: rka.dresden[et]evlks.de<\/p>\n","protected":false},"excerpt":{"rendered":"<p>Datenschutzerkl\u00e4rung Die Evangelisch-Lutherische Kirchgemeinde Neustadt in Sachsen nimmt den Schutz pers\u00f6nlicher Daten sehr ernst. Sie behandelt personenbezogene Daten gem\u00e4\u00df den Vorschriften des&nbsp;Kirchengesetzes \u00fcber den Datenschutz der Evangelischen Kirche in Deutschland (EKD-Datenschutzgesetz-DSG-EKD) in der Neufassung vom 15. November 2017&nbsp;und den datenschutzrechtlichen Bestimmungen der Ev.-Luth. Landeskirche Sachsens, insbesondere der \u201eVerordnung \u00fcber den Einsatz von Informationstechnologie (IT) in [&hellip;]<\/p>\n","protected":false},"author":3,"featured_media":0,"parent":1834,"menu_order":0,"comment_status":"closed","ping_status":"closed","template":"","meta":{"_crdt_document":"","footnotes":""},"class_list":["post-4376","page","type-page","status-publish","hentry"],"_links":{"self":[{"href":"https:\/\/www.kirche-neustadt.de\/index.php?rest_route=\/wp\/v2\/pages\/4376","targetHints":{"allow":["GET"]}}],"collection":[{"href":"https:\/\/www.kirche-neustadt.de\/index.php?rest_route=\/wp\/v2\/pages"}],"about":[{"href":"https:\/\/www.kirche-neustadt.de\/index.php?rest_route=\/wp\/v2\/types\/page"}],"author":[{"embeddable":true,"href":"https:\/\/www.kirche-neustadt.de\/index.php?rest_route=\/wp\/v2\/users\/3"}],"replies":[{"embeddable":true,"href":"https:\/\/www.kirche-neustadt.de\/index.php?rest_route=%2Fwp%2Fv2%2Fcomments&post=4376"}],"version-history":[{"count":1,"href":"https:\/\/www.kirche-neustadt.de\/index.php?rest_route=\/wp\/v2\/pages\/4376\/revisions"}],"predecessor-version":[{"id":4377,"href":"https:\/\/www.kirche-neustadt.de\/index.php?rest_route=\/wp\/v2\/pages\/4376\/revisions\/4377"}],"up":[{"embeddable":true,"href":"https:\/\/www.kirche-neustadt.de\/index.php?rest_route=\/wp\/v2\/pages\/1834"}],"wp:attachment":[{"href":"https:\/\/www.kirche-neustadt.de\/index.php?rest_route=%2Fwp%2Fv2%2Fmedia&parent=4376"}],"curies":[{"name":"wp","href":"https:\/\/api.w.org\/{rel}","templated":true}]}}