{"id":2338,"date":"2017-01-24T10:08:03","date_gmt":"2017-01-24T08:08:03","guid":{"rendered":"http:\/\/www.kirche-neustadt.de\/?page_id=2338"},"modified":"2017-04-03T10:15:38","modified_gmt":"2017-04-03T08:15:38","slug":"orgel","status":"publish","type":"page","link":"https:\/\/www.kirche-neustadt.de\/?page_id=2338","title":{"rendered":"Orgel"},"content":{"rendered":"<p>Auf der Westempore der <strong>St.-Jacobi-Kirche<\/strong>\u00a0in Neustadt befindet sich die <strong>Orgel<\/strong> \u2013 Opus 25 der Bautzener Firma Eule aus dem Jahre 1884.<\/p>\n<p><a href=\"https:\/\/www.kirche-neustadt.de\/wp-content\/uploads\/2017\/01\/IMG_20161217_100618.jpg\"><img loading=\"lazy\" decoding=\"async\" class=\"alignleft size-medium wp-image-2345\" src=\"https:\/\/www.kirche-neustadt.de\/wp-content\/uploads\/2017\/01\/IMG_20161217_100618-300x300.jpg\" alt=\"\" width=\"300\" height=\"300\" srcset=\"https:\/\/www.kirche-neustadt.de\/wp-content\/uploads\/2017\/01\/IMG_20161217_100618-300x300.jpg 300w, https:\/\/www.kirche-neustadt.de\/wp-content\/uploads\/2017\/01\/IMG_20161217_100618-150x150.jpg 150w, https:\/\/www.kirche-neustadt.de\/wp-content\/uploads\/2017\/01\/IMG_20161217_100618-768x768.jpg 768w, https:\/\/www.kirche-neustadt.de\/wp-content\/uploads\/2017\/01\/IMG_20161217_100618-1024x1024.jpg 1024w, https:\/\/www.kirche-neustadt.de\/wp-content\/uploads\/2017\/01\/IMG_20161217_100618-624x624.jpg 624w\" sizes=\"auto, (max-width: 300px) 100vw, 300px\" \/><\/a><\/p>\n<p>Das Instrument verf\u00fcgt \u00fcber 28 klingende Stimmen oder \u201eRegister\u201c auf zwei Manualen (Umfang jeweils C \u2013 f\u2019\u2019\u2019) und Pedal (C \u2013 d\u2019), zwei davon sind Lingual- (Zungen) die anderen Labialregister.<\/p>\n<p>Hinter dem sch\u00f6nen neogotischen Prospekt (samt passender Orgelbank) stehen die insgesamt 1728 Pfeifen von etwa 15 cm bis 5 m L\u00e4nge.<\/p>\n<p>&nbsp;<\/p>\n<p>Urspr\u00fcnglich hatte die Orgel dem dunklen, volumin\u00f6sen, eher dumpfen romantischen Klangideal entsprechend viele tiefe Register. Sp\u00e4ter wurden mehrfach Anpassungen an den Zeitgeschmack vorgenommen und 16\u2019- bzw. 8\u2019- Register durch h\u00f6herf\u00fc\u00dfige Register, Aliquoten und Klangkronen ersetzt.<\/p>\n<p>&nbsp;<\/p>\n<p>Wie vor 120 Jahren funktioniert die Steuerung des Instruments auch jetzt noch durch ein mechanisches Kegelladensystem; lediglich die Arbeit des Windsch\u00f6pfens \u00fcbernimmt heute ein Elektromotor.<\/p>\n<p>&nbsp;<\/p>\n<h4>Disposition der <strong>Eule-Orgel in der Ev.- Luth. St- Jacobi- Kirche <\/strong>Neustadt\/Sa.<\/h4>\n<p>Baujahr 1884 (op. 25)<\/p>\n<p>&nbsp;<\/p>\n<p>&nbsp;<\/p>\n<p><u>\u00a0 \u00a0 \u00a0Hauptwerk \u00a0 \u00a0 \u00a0 \u00a0 \u00a0 \u00a0 \u00a0 \u00a0 \u00a0 \u00a0 \u00a0 \u00a0 Oberwerk\u00a0\u00a0\u00a0\u00a0\u00a0\u00a0\u00a0\u00a0\u00a0\u00a0\u00a0\u00a0\u00a0\u00a0\u00a0\u00a0\u00a0\u00a0\u00a0\u00a0\u00a0\u00a0\u00a0\u00a0\u00a0\u00a0\u00a0\u00a0\u00a0\u00a0 Pedal <\/u><\/p>\n<ol>\n<li>Pommer 16\u2019 \u00a0 \u00a0 \u00a0 \u00a0 \u00a0 \u00a0 \u00a0 \u00a0 13. Rohrfl\u00f6te 8\u2019 \u00a0 \u00a0 \u00a0 \u00a0 \u00a0 \u00a0 \u00a0 \u00a0 \u00a0 \u00a0 \u00a023. Prinzipal 16\u2019<\/li>\n<li>Prinzipal 8\u2019 \u00a0 \u00a0 \u00a0 \u00a0 \u00a0 \u00a0 \u00a0 \u00a0 \u00a0 14. Quintat\u00f6n 8\u2019\u00a0\u00a0\u00a0\u00a0\u00a0\u00a0\u00a0\u00a0\u00a0\u00a0\u00a0\u00a0\u00a0\u00a0\u00a0\u00a0\u00a0\u00a0\u00a0\u00a0 24. Subba\u00df 16\u2019<\/li>\n<li>Gedackt 8\u2019 \u00a0 \u00a0 \u00a0 \u00a0 \u00a0 \u00a0 \u00a0 \u00a0 \u00a0 \u00a015. Dolce 8\u2019 \u00a0 \u00a0 \u00a0 \u00a0 \u00a0 \u00a0 \u00a0 \u00a0 \u00a0 \u00a0 \u00a0 \u00a0 \u00a0 \u00a0 25. Oktave 8\u2019<\/li>\n<li>Gemshorn 8\u2019 \u00a0 \u00a0 \u00a0 \u00a0 \u00a0 \u00a0 \u00a0 16. Prinzipal 4\u2019 \u00a0 \u00a0 \u00a0 \u00a0 \u00a0 \u00a0 \u00a0 \u00a0 \u00a0 \u00a0 \u00a0 \u00a026. Gedackt 8\u2019<\/li>\n<li>Oktave 4\u2019 \u00a0 \u00a0 \u00a0 \u00a0 \u00a0 \u00a0 \u00a0 \u00a0 \u00a0 \u00a0 \u00a017. Rohrfl\u00f6te 4\u2019 \u00a0 \u00a0 \u00a0 \u00a0 \u00a0 \u00a0 \u00a0 \u00a0 \u00a0 \u00a0 \u00a027. Choralba\u00df 2\u2019<\/li>\n<li>Rohrfl\u00f6te 4\u2019 \u00a0 \u00a0 \u00a0 \u00a0 \u00a0 \u00a0 \u00a0 \u00a0 \u00a018. Quinte 2 2\/3\u2019 \u00a0 \u00a0 \u00a0 \u00a0 \u00a0 \u00a0 \u00a0 \u00a0 \u00a0 28. Posaune 16\u2019<\/li>\n<li>Schweizer Gambe 4\u2019 \u00a0 19. Waldfl\u00f6te 2\u2019<\/li>\n<li>Oktave 2\u2019 \u00a0 \u00a0 \u00a0 \u00a0 \u00a0 \u00a0 \u00a0 \u00a0 \u00a0 \u00a0 \u00a0 20. Terz 1 3\/5\u2019<\/li>\n<li>Schwiegel 1\u2019 \u00a0 \u00a0 \u00a0 \u00a0 \u00a0 \u00a0 \u00a0 \u00a0 \u00a021. Quinte 1 1\/3\u2019<\/li>\n<li>Cornett 2-3fach \u00a0 \u00a0 \u00a0 \u00a0 \u00a0 \u00a022. Zimbel 3fach<\/li>\n<li>Mixtur 4fach<\/li>\n<li>Trompete 8\u2019<\/li>\n<\/ol>\n<p>&nbsp;<\/p>\n<p><u>Koppeln\/ Nebenz\u00fcge<\/u><\/p>\n<p>Manualkoppel HW\/OW<\/p>\n<p>Pedalkoppel HW\/Pedal<\/p>\n<p>Pedalkoppel OW\/Pedal als Tritt<\/p>\n<p>&nbsp;<\/p>\n<p>feste Kombinationen (Trittschalter)<\/p>\n<p>Piano<\/p>\n<p>Mezzoforte<\/p>\n<p>Tutti<\/p>\n<p>&nbsp;<\/p>\n<p>mechanische Kegellade, mechanische Traktur<\/p>\n<p>&nbsp;<\/p>\n<p>Tonumfang der Manuale: C \u2013 f\u2019\u2019\u2019 und des Pedals: C \u2013 d\u2019<\/p>\n<p>&nbsp;<\/p>\n<p><img loading=\"lazy\" decoding=\"async\" class=\"alignleft size-medium wp-image-2343\" src=\"https:\/\/www.kirche-neustadt.de\/wp-content\/uploads\/2017\/01\/IMG_20160312_113501-300x300.jpg\" alt=\"\" width=\"300\" height=\"300\" srcset=\"https:\/\/www.kirche-neustadt.de\/wp-content\/uploads\/2017\/01\/IMG_20160312_113501-300x300.jpg 300w, https:\/\/www.kirche-neustadt.de\/wp-content\/uploads\/2017\/01\/IMG_20160312_113501-150x150.jpg 150w, https:\/\/www.kirche-neustadt.de\/wp-content\/uploads\/2017\/01\/IMG_20160312_113501-768x768.jpg 768w, https:\/\/www.kirche-neustadt.de\/wp-content\/uploads\/2017\/01\/IMG_20160312_113501-1024x1024.jpg 1024w, https:\/\/www.kirche-neustadt.de\/wp-content\/uploads\/2017\/01\/IMG_20160312_113501-624x624.jpg 624w\" sizes=\"auto, (max-width: 300px) 100vw, 300px\" \/><\/p>\n<p>&nbsp;<\/p>\n<p>&nbsp;<\/p>\n<p>&nbsp;<\/p>\n<p>&nbsp;<\/p>\n<p>&nbsp;<\/p>\n<p>&nbsp;<\/p>\n<p>&nbsp;<\/p>\n<p><strong>Eule- Orgel in der<\/strong> <strong>Friedhofskirche<\/strong><\/p>\n<p>&nbsp;<\/p>\n<p>Baujahr 1983 (op.493)<\/p>\n<p>&nbsp;<\/p>\n<p><u>Manual\u00a0\u00a0\u00a0\u00a0\u00a0\u00a0\u00a0\u00a0\u00a0\u00a0\u00a0\u00a0\u00a0\u00a0\u00a0\u00a0\u00a0\u00a0\u00a0\u00a0\u00a0\u00a0 Pedal<\/u><\/p>\n<p>Gedackt 8\u00a0\u00a0\u00a0\u00a0\u00a0\u00a0\u00a0\u00a0\u00a0\u00a0\u00a0\u00a0\u00a0\u00a0\u00a0\u00a0\u00a0\u00a0 Subba\u00df 16\u2019<\/p>\n<p>Prinzipal 4`(Prospekt)<\/p>\n<p>Rohrfl\u00f6te 4\u2019<\/p>\n<p>Waldfl\u00f6te 2\u2019<\/p>\n<p>Mixtur 2-3fach<\/p>\n<p>&nbsp;<\/p>\n<p>Koppeln<\/p>\n<p>Pedalkoppel I\/Ped.<\/p>\n<p>Tremulant<\/p>\n<p>&nbsp;<\/p>\n<p>Tonumfang des Manuals: C-g\u2019\u2019\u2019und des Pedals: C-f\u2019<\/p>\n","protected":false},"excerpt":{"rendered":"<p>Auf der Westempore der St.-Jacobi-Kirche\u00a0in Neustadt befindet sich die Orgel \u2013 Opus 25 der Bautzener Firma Eule aus dem Jahre 1884. Das Instrument verf\u00fcgt \u00fcber 28 klingende Stimmen oder \u201eRegister\u201c auf zwei Manualen (Umfang jeweils C \u2013 f\u2019\u2019\u2019) und Pedal (C \u2013 d\u2019), zwei davon sind Lingual- (Zungen) die anderen Labialregister. Hinter dem sch\u00f6nen neogotischen [&hellip;]<\/p>\n","protected":false},"author":3,"featured_media":0,"parent":1845,"menu_order":0,"comment_status":"closed","ping_status":"closed","template":"","meta":{"_crdt_document":"","footnotes":""},"class_list":["post-2338","page","type-page","status-publish","hentry"],"_links":{"self":[{"href":"https:\/\/www.kirche-neustadt.de\/index.php?rest_route=\/wp\/v2\/pages\/2338","targetHints":{"allow":["GET"]}}],"collection":[{"href":"https:\/\/www.kirche-neustadt.de\/index.php?rest_route=\/wp\/v2\/pages"}],"about":[{"href":"https:\/\/www.kirche-neustadt.de\/index.php?rest_route=\/wp\/v2\/types\/page"}],"author":[{"embeddable":true,"href":"https:\/\/www.kirche-neustadt.de\/index.php?rest_route=\/wp\/v2\/users\/3"}],"replies":[{"embeddable":true,"href":"https:\/\/www.kirche-neustadt.de\/index.php?rest_route=%2Fwp%2Fv2%2Fcomments&post=2338"}],"version-history":[{"count":10,"href":"https:\/\/www.kirche-neustadt.de\/index.php?rest_route=\/wp\/v2\/pages\/2338\/revisions"}],"predecessor-version":[{"id":2649,"href":"https:\/\/www.kirche-neustadt.de\/index.php?rest_route=\/wp\/v2\/pages\/2338\/revisions\/2649"}],"up":[{"embeddable":true,"href":"https:\/\/www.kirche-neustadt.de\/index.php?rest_route=\/wp\/v2\/pages\/1845"}],"wp:attachment":[{"href":"https:\/\/www.kirche-neustadt.de\/index.php?rest_route=%2Fwp%2Fv2%2Fmedia&parent=2338"}],"curies":[{"name":"wp","href":"https:\/\/api.w.org\/{rel}","templated":true}]}}