{"id":2088,"date":"2016-12-14T09:57:10","date_gmt":"2016-12-14T07:57:10","guid":{"rendered":"http:\/\/www.kirche-neustadt.de\/?page_id=2088"},"modified":"2022-08-22T16:52:30","modified_gmt":"2022-08-22T14:52:30","slug":"konfirmation","status":"publish","type":"page","link":"https:\/\/www.kirche-neustadt.de\/?page_id=2088","title":{"rendered":"Konfirmation"},"content":{"rendered":"<p><img loading=\"lazy\" decoding=\"async\" class=\"alignleft  wp-image-3929\" src=\"https:\/\/www.kirche-neustadt.de\/wp-content\/uploads\/2018\/04\/Konfirmanden-Neustadt-2018.-vers-2-cpt-300x256.jpg\" alt=\"\" width=\"477\" height=\"407\" srcset=\"https:\/\/www.kirche-neustadt.de\/wp-content\/uploads\/2018\/04\/Konfirmanden-Neustadt-2018.-vers-2-cpt-300x256.jpg 300w, https:\/\/www.kirche-neustadt.de\/wp-content\/uploads\/2018\/04\/Konfirmanden-Neustadt-2018.-vers-2-cpt-768x655.jpg 768w, https:\/\/www.kirche-neustadt.de\/wp-content\/uploads\/2018\/04\/Konfirmanden-Neustadt-2018.-vers-2-cpt-1024x874.jpg 1024w, https:\/\/www.kirche-neustadt.de\/wp-content\/uploads\/2018\/04\/Konfirmanden-Neustadt-2018.-vers-2-cpt-624x532.jpg 624w\" sizes=\"auto, (max-width: 477px) 100vw, 477px\" \/><\/p>\n<div class=\"headline\"><\/div>\n<div class=\"subHeadline\">\n<h2>\u00a0Die Konfirmandenzeit ist ein wichtiger Abschnitt im Leben der Heranwachsenden. Daher ist die Arbeit mit Konfirmandinnen und Konfirmanden ein Kernst\u00fcck der Arbeit in den Kirchgemeinden.<\/h2>\n<\/div>\n<div class=\"fliessText1SP noPic left\">\n<p>Die Ev.-Luth. Landeskirche Sachsens hat bereits 2008 eine \u201eKampagne f\u00fcr die Konfirmandenarbeit\u201c gestartet. In deren Verlauf veranstaltete sie 2010 einen \u201eZukunftskongress Konfirmandenarbeit\u201c und ver\u00f6ffentlichte umfangreiche Materialien zum Thema. Eine Arbeitsgruppe aus Vertreterinnen und Vertretern des Landeskirchenamtes, des Landesjugendpfarramtes, des TPI Moritzburg und Multiplikator\/-inne aus allen Kirchenbezirken trifft sich regelm\u00e4\u00dfig zum Austausch \u00fcber neueste Entwicklungen. Durch das Landesjugendpfarramt und das TPI Moritzburg werden j\u00e4hrliche Fortbildungen angeboten und Arbeitsmaterialien erstellt.<\/p>\n<div class=\"floatend\">\u00a0<span style=\"font-size: 1.28571rem;\">Ziele der Arbeit mit Konfirmandinnen und Konfirmanden<\/span><\/div>\n<\/div>\n<div class=\"fliessText1SP noPic left\">\n<ul>\n<li>Konfirmanden lernen die Gemeinde kennen (z.B. durch Gemeinde-Praktika). Sie erfahren, wie Glauben und Leben im Alltag zusammenkommen und gestalten Gemeinde mit.<\/li>\n<li>Konfirmanden finden Ausdrucksm\u00f6glichkeiten f\u00fcr ihr religi\u00f6ses Leben.<\/li>\n<li>Konfirmanden verstehen wesentliche Inhalte der biblischen Botschaft und k\u00f6nnen sie auf ihr Leben beziehen; sie setzen sich mit Themen des Katechumenats auseinander.<\/li>\n<li>Konfirmanden finden ihren Platz in der Gruppe und nehmen ihre eigene Position und die Entwicklung in der Gruppe wahr.<\/li>\n<li>Konfirmanden entwickeln einen eigenen Standpunkt und lernen Verantwortung in ihren Lebenswelten wahrzunehmen.<\/li>\n<li>Konfirmanden wachsen in die Jugendarbeit der Gemeinde und der Region.<\/li>\n<li>Konfirmanden verstehen die christlichen Kirchen als \u00d6kumene.<\/li>\n<\/ul>\n<div class=\"floatend\"><span style=\"font-size: 1.28571rem;\">Die s\u00e4chsische Konfirmandenarbeit basiert auf p\u00e4dagogischen Standards:<\/span><\/div>\n<\/div>\n<div class=\"fliessText1SP noPic left\">\n<ul>\n<li>Die Teilnehmenden werden an Planung, Durchf\u00fchrung und Reflexion aktiv beteiligt.<\/li>\n<li>Es werden gemeinschaftsf\u00e4hige Gruppen (mindestens 8 Teilnehmer) gew\u00e4hrleistet.<\/li>\n<li>Die Pers\u00f6nlichkeit und Individualit\u00e4t der Teilnehmenden wird ernst genommen.<\/li>\n<li>P\u00e4dagogisch und bildungsdidaktisch wird mit dem Prinzip selbstt\u00e4tiger Aneignung gearbeitet.<\/li>\n<li>Prozess- und Handlungsorientierung werden realisiert.<\/li>\n<li>Konfirmandenarbeit wird im Team verantwortet! Unterschiedliche Professionen und Kompetenzen sind eingebunden: Pfarrer\/-innen, Gemeindep\u00e4dagogen\/innen, Mitarbeitende der Jugendarbeit, Ehrenamtliche: Jugendliche, Eltern, Paten, KV-Mitarbeitende.<br \/>\n(AG 3 der Kampagne zur Konfirmandenarbeit)<\/li>\n<\/ul>\n<p>aus:\u00a0 <a href=\"http:\/\/www.evjusa.de\/projekte\/konfirmandenarbeit.html\" target=\"_blank\" rel=\"noopener noreferrer\">Ev. Jugend in Sachsen<\/a><\/p>\n<\/div>\n<ul>\n<li>Klasse 7: dienstags, 16.30 Uhr im \u00bbSchafstall\u00ab, Kirchplatz 2<br \/>\n(ab 06. September)<br \/>\n8. Klasse: dienstags, 16.30 Uhr im Kirchgemeindehaus (ab 13. September)<\/li>\n<li>Ein Anmeldeformular finden Sie <a href=\"https:\/\/www.kirche-neustadt.de\/wp-content\/uploads\/2017\/01\/Konfirmationsanmeldung.pdf\" target=\"_blank\" rel=\"noopener noreferrer\">hier<\/a>.<\/li>\n<li>N\u00e4heres zum Thema Konfirmation finden Sie <a href=\"https:\/\/www.kirche-neustadt.de\/?page_id=1776\" target=\"_blank\" rel=\"noopener noreferrer\">hier<\/a>.<\/li>\n<li style=\"list-style-type: none;\"><img loading=\"lazy\" decoding=\"async\" class=\"size-thumbnail wp-image-1175 alignleft\" src=\"https:\/\/www.kirche-neustadt.de\/wp-content\/uploads\/2016\/02\/KINA_Maerz_2016s-150x150.jpg\" alt=\"KINA_Maerz_2016s\" width=\"150\" height=\"150\" srcset=\"https:\/\/www.kirche-neustadt.de\/wp-content\/uploads\/2016\/02\/KINA_Maerz_2016s-150x150.jpg 150w, https:\/\/www.kirche-neustadt.de\/wp-content\/uploads\/2016\/02\/KINA_Maerz_2016s-225x225.jpg 225w, https:\/\/www.kirche-neustadt.de\/wp-content\/uploads\/2016\/02\/KINA_Maerz_2016s-75x75.jpg 75w\" sizes=\"auto, (max-width: 150px) 100vw, 150px\" \/>\u00a0\u00a0<img loading=\"lazy\" decoding=\"async\" class=\"alignleft size-thumbnail wp-image-1173\" src=\"https:\/\/www.kirche-neustadt.de\/wp-content\/uploads\/2016\/02\/KINA_Maerz_2016.bdddmp-150x150.jpg\" alt=\"KINA_Maerz_2016.bdddmp\" width=\"150\" height=\"150\" srcset=\"https:\/\/www.kirche-neustadt.de\/wp-content\/uploads\/2016\/02\/KINA_Maerz_2016.bdddmp-150x150.jpg 150w, https:\/\/www.kirche-neustadt.de\/wp-content\/uploads\/2016\/02\/KINA_Maerz_2016.bdddmp-75x75.jpg 75w\" sizes=\"auto, (max-width: 150px) 100vw, 150px\" \/><img loading=\"lazy\" decoding=\"async\" class=\"size-thumbnail wp-image-1174 alignleft\" src=\"https:\/\/www.kirche-neustadt.de\/wp-content\/uploads\/2016\/02\/KINA_Maerz_2016-150x150.jpg\" alt=\"KINA_Maerz_2016\" width=\"150\" height=\"150\" srcset=\"https:\/\/www.kirche-neustadt.de\/wp-content\/uploads\/2016\/02\/KINA_Maerz_2016-150x150.jpg 150w, https:\/\/www.kirche-neustadt.de\/wp-content\/uploads\/2016\/02\/KINA_Maerz_2016-225x225.jpg 225w, https:\/\/www.kirche-neustadt.de\/wp-content\/uploads\/2016\/02\/KINA_Maerz_2016-75x75.jpg 75w\" sizes=\"auto, (max-width: 150px) 100vw, 150px\" \/><\/li>\n<\/ul>\n","protected":false},"excerpt":{"rendered":"<p>\u00a0Die Konfirmandenzeit ist ein wichtiger Abschnitt im Leben der Heranwachsenden. Daher ist die Arbeit mit Konfirmandinnen und Konfirmanden ein Kernst\u00fcck der Arbeit in den Kirchgemeinden. Die Ev.-Luth. Landeskirche Sachsens hat bereits 2008 eine \u201eKampagne f\u00fcr die Konfirmandenarbeit\u201c gestartet. In deren Verlauf veranstaltete sie 2010 einen \u201eZukunftskongress Konfirmandenarbeit\u201c und ver\u00f6ffentlichte umfangreiche Materialien zum Thema. Eine Arbeitsgruppe [&hellip;]<\/p>\n","protected":false},"author":3,"featured_media":0,"parent":6,"menu_order":0,"comment_status":"closed","ping_status":"closed","template":"","meta":{"_crdt_document":"","footnotes":""},"class_list":["post-2088","page","type-page","status-publish","hentry"],"_links":{"self":[{"href":"https:\/\/www.kirche-neustadt.de\/index.php?rest_route=\/wp\/v2\/pages\/2088","targetHints":{"allow":["GET"]}}],"collection":[{"href":"https:\/\/www.kirche-neustadt.de\/index.php?rest_route=\/wp\/v2\/pages"}],"about":[{"href":"https:\/\/www.kirche-neustadt.de\/index.php?rest_route=\/wp\/v2\/types\/page"}],"author":[{"embeddable":true,"href":"https:\/\/www.kirche-neustadt.de\/index.php?rest_route=\/wp\/v2\/users\/3"}],"replies":[{"embeddable":true,"href":"https:\/\/www.kirche-neustadt.de\/index.php?rest_route=%2Fwp%2Fv2%2Fcomments&post=2088"}],"version-history":[{"count":11,"href":"https:\/\/www.kirche-neustadt.de\/index.php?rest_route=\/wp\/v2\/pages\/2088\/revisions"}],"predecessor-version":[{"id":5838,"href":"https:\/\/www.kirche-neustadt.de\/index.php?rest_route=\/wp\/v2\/pages\/2088\/revisions\/5838"}],"up":[{"embeddable":true,"href":"https:\/\/www.kirche-neustadt.de\/index.php?rest_route=\/wp\/v2\/pages\/6"}],"wp:attachment":[{"href":"https:\/\/www.kirche-neustadt.de\/index.php?rest_route=%2Fwp%2Fv2%2Fmedia&parent=2088"}],"curies":[{"name":"wp","href":"https:\/\/api.w.org\/{rel}","templated":true}]}}

<p><img loading="lazy" decoding="async" class="alignleft  wp-image-3929" src="https://www.kirche-neustadt.de/wp-content/uploads/2018/04/Konfirmanden-Neustadt-2018.-vers-2-cpt-300x256.jpg" alt="" width="477" height="407" srcset="https://www.kirche-neustadt.de/wp-content/uploads/2018/04/Konfirmanden-Neustadt-2018.-vers-2-cpt-300x256.jpg 300w, https://www.kirche-neustadt.de/wp-content/uploads/2018/04/Konfirmanden-Neustadt-2018.-vers-2-cpt-768x655.jpg 768w, https://www.kirche-neustadt.de/wp-content/uploads/2018/04/Konfirmanden-Neustadt-2018.-vers-2-cpt-1024x874.jpg 1024w, https://www.kirche-neustadt.de/wp-content/uploads/2018/04/Konfirmanden-Neustadt-2018.-vers-2-cpt-624x532.jpg 624w" sizes="auto, (max-width: 477px) 100vw, 477px" /></p>
<div class="headline"></div>
<div class="subHeadline">
<h2> Die Konfirmandenzeit ist ein wichtiger Abschnitt im Leben der Heranwachsenden. Daher ist die Arbeit mit Konfirmandinnen und Konfirmanden ein Kernstück der Arbeit in den Kirchgemeinden.</h2>
</div>
<div class="fliessText1SP noPic left">
<p>Die Ev.-Luth. Landeskirche Sachsens hat bereits 2008 eine „Kampagne für die Konfirmandenarbeit“ gestartet. In deren Verlauf veranstaltete sie 2010 einen „Zukunftskongress Konfirmandenarbeit“ und veröffentlichte umfangreiche Materialien zum Thema. Eine Arbeitsgruppe aus Vertreterinnen und Vertretern des Landeskirchenamtes, des Landesjugendpfarramtes, des TPI Moritzburg und Multiplikator/-inne aus allen Kirchenbezirken trifft sich regelmäßig zum Austausch über neueste Entwicklungen. Durch das Landesjugendpfarramt und das TPI Moritzburg werden jährliche Fortbildungen angeboten und Arbeitsmaterialien erstellt.</p>
<div class="floatend"> <span style="font-size: 1.28571rem;">Ziele der Arbeit mit Konfirmandinnen und Konfirmanden</span></div>
</div>
<div class="fliessText1SP noPic left">
<ul>
<li>Konfirmanden lernen die Gemeinde kennen (z.B. durch Gemeinde-Praktika). Sie erfahren, wie Glauben und Leben im Alltag zusammenkommen und gestalten Gemeinde mit.</li>
<li>Konfirmanden finden Ausdrucksmöglichkeiten für ihr religiöses Leben.</li>
<li>Konfirmanden verstehen wesentliche Inhalte der biblischen Botschaft und können sie auf ihr Leben beziehen; sie setzen sich mit Themen des Katechumenats auseinander.</li>
<li>Konfirmanden finden ihren Platz in der Gruppe und nehmen ihre eigene Position und die Entwicklung in der Gruppe wahr.</li>
<li>Konfirmanden entwickeln einen eigenen Standpunkt und lernen Verantwortung in ihren Lebenswelten wahrzunehmen.</li>
<li>Konfirmanden wachsen in die Jugendarbeit der Gemeinde und der Region.</li>
<li>Konfirmanden verstehen die christlichen Kirchen als Ökumene.</li>
</ul>
<div class="floatend"><span style="font-size: 1.28571rem;">Die sächsische Konfirmandenarbeit basiert auf pädagogischen Standards:</span></div>
</div>
<div class="fliessText1SP noPic left">
<ul>
<li>Die Teilnehmenden werden an Planung, Durchführung und Reflexion aktiv beteiligt.</li>
<li>Es werden gemeinschaftsfähige Gruppen (mindestens 8 Teilnehmer) gewährleistet.</li>
<li>Die Persönlichkeit und Individualität der Teilnehmenden wird ernst genommen.</li>
<li>Pädagogisch und bildungsdidaktisch wird mit dem Prinzip selbsttätiger Aneignung gearbeitet.</li>
<li>Prozess- und Handlungsorientierung werden realisiert.</li>
<li>Konfirmandenarbeit wird im Team verantwortet! Unterschiedliche Professionen und Kompetenzen sind eingebunden: Pfarrer/-innen, Gemeindepädagogen/innen, Mitarbeitende der Jugendarbeit, Ehrenamtliche: Jugendliche, Eltern, Paten, KV-Mitarbeitende.<br />
(AG 3 der Kampagne zur Konfirmandenarbeit)</li>
</ul>
<p>aus:  <a href="http://www.evjusa.de/projekte/konfirmandenarbeit.html" target="_blank" rel="noopener noreferrer">Ev. Jugend in Sachsen</a></p>
</div>
<ul>
<li>Klasse 7: dienstags, 16.30 Uhr im »Schafstall«, Kirchplatz 2<br />
(ab 06. September)<br />
8. Klasse: dienstags, 16.30 Uhr im Kirchgemeindehaus (ab 13. September)</li>
<li>Ein Anmeldeformular finden Sie <a href="https://www.kirche-neustadt.de/wp-content/uploads/2017/01/Konfirmationsanmeldung.pdf" target="_blank" rel="noopener noreferrer">hier</a>.</li>
<li>Näheres zum Thema Konfirmation finden Sie <a href="https://www.kirche-neustadt.de/?page_id=1776" target="_blank" rel="noopener noreferrer">hier</a>.</li>
<li style="list-style-type: none;"><img loading="lazy" decoding="async" class="size-thumbnail wp-image-1175 alignleft" src="https://www.kirche-neustadt.de/wp-content/uploads/2016/02/KINA_Maerz_2016s-150x150.jpg" alt="KINA_Maerz_2016s" width="150" height="150" srcset="https://www.kirche-neustadt.de/wp-content/uploads/2016/02/KINA_Maerz_2016s-150x150.jpg 150w, https://www.kirche-neustadt.de/wp-content/uploads/2016/02/KINA_Maerz_2016s-225x225.jpg 225w, https://www.kirche-neustadt.de/wp-content/uploads/2016/02/KINA_Maerz_2016s-75x75.jpg 75w" sizes="auto, (max-width: 150px) 100vw, 150px" />  <img loading="lazy" decoding="async" class="alignleft size-thumbnail wp-image-1173" src="https://www.kirche-neustadt.de/wp-content/uploads/2016/02/KINA_Maerz_2016.bdddmp-150x150.jpg" alt="KINA_Maerz_2016.bdddmp" width="150" height="150" srcset="https://www.kirche-neustadt.de/wp-content/uploads/2016/02/KINA_Maerz_2016.bdddmp-150x150.jpg 150w, https://www.kirche-neustadt.de/wp-content/uploads/2016/02/KINA_Maerz_2016.bdddmp-75x75.jpg 75w" sizes="auto, (max-width: 150px) 100vw, 150px" /><img loading="lazy" decoding="async" class="size-thumbnail wp-image-1174 alignleft" src="https://www.kirche-neustadt.de/wp-content/uploads/2016/02/KINA_Maerz_2016-150x150.jpg" alt="KINA_Maerz_2016" width="150" height="150" srcset="https://www.kirche-neustadt.de/wp-content/uploads/2016/02/KINA_Maerz_2016-150x150.jpg 150w, https://www.kirche-neustadt.de/wp-content/uploads/2016/02/KINA_Maerz_2016-225x225.jpg 225w, https://www.kirche-neustadt.de/wp-content/uploads/2016/02/KINA_Maerz_2016-75x75.jpg 75w" sizes="auto, (max-width: 150px) 100vw, 150px" /></li>
</ul>

<p> Die Konfirmandenzeit ist ein wichtiger Abschnitt im Leben der Heranwachsenden. Daher ist die Arbeit mit Konfirmandinnen und Konfirmanden ein Kernstück der Arbeit in den Kirchgemeinden. Die Ev.-Luth. Landeskirche Sachsens hat bereits 2008 eine „Kampagne für die Konfirmandenarbeit“ gestartet. In deren Verlauf veranstaltete sie 2010 einen „Zukunftskongress Konfirmandenarbeit“ und veröffentlichte umfangreiche Materialien zum Thema. Eine Arbeitsgruppe [&hellip;]</p>
